sor of y and f.
15
Let d(m) = -m**3 - 4*m**2 - 2*m - 9. Let f(v) = -v + 2. Let n be f(8). Let p be d(n). Calculate the highest common divisor of 25 and p.
25
Let f be (91 - 3) + (3 - 3). Let p be (-2)/5 + (-252)/20. Let s = p + 21. Calculate the greatest common divisor of s and f.
8
Let o be 10/(((-1)/1)/(-1)). Suppose 0*w - o = 5*w. Let m be (-6)/21*14/w. What is the highest common factor of m and 2?
2
Let w(c) = c**3 - 2*c**2. Let n be w(2). Suppose n = -2*k - k + 528. Suppose -g - 16 = -x, g = -x + 5 + 11. What is the greatest common factor of x and k?
16
Let y(t) = t**3 + 7*t**2 + 4*t + 9. Let o be y(-6). Let s = -181 - -265. What is the greatest common divisor of o and s?
21
Let k be (6/(-5))/(-2 - (-798)/400). What is the greatest common factor of 30 and k?
30
Let p be (-112)/20*((-153)/6 - 2). Calculate the greatest common divisor of p and 14.
14
Suppose 0 = 4*x + 8 + 16. Let c be (165/x - -1)*2. Let l be 4/(-2 - c/26). What is the highest common divisor of l and 13?
13
Suppose -7*f + 6*f = 0. Let q = f - -2. Suppose -4*m - q = -3*m + 5*l, m = 5*l + 18. What is the highest common divisor of m and 24?
8
Suppose -14 = 3*w - 38. Let z(a) = a**2 - 6*a - 8. Let k be z(w). What is the greatest common factor of 88 and k?
8
Let h(k) = k**3 - 2*k**2 - 2*k - 1. Let c be h(4). What is the highest common factor of 46 and c?
23
Suppose 2*o - 4 = -n - o, 60 = 4*n + o. What is the greatest common divisor of 4 and n?
4
Let x(p) = p**3 - 11*p**2 + 22*p - 21. Let k be x(9). What is the highest common factor of k and 3?
3
Let u be 25 - -6 - (-2 - -3). Calculate the highest common factor of 3 and u.
3
Let l = 28 - 17. Suppose -5*k + 8 = q - 2, -2 = 3*k - q. Let d = k + l. What is the greatest common factor of d and 36?
12
Suppose -13*q + 12*q + 44 = 0. Let b be 2 + (-2 - (-1 + -27)). Suppose 4*y + c - 20 = 0, 2*y + y + 4*c = b. Calculate the greatest common divisor of y and q.
4
Suppose -i + 4*i - 3 = 0. Suppose -2*d + 3*d = 3*q - 11, 0 = -5*q + d + 19. What is the greatest common factor of q and i?
1
Let w = 68 - 53. Calculate the greatest common factor of 15 and w.
15
Suppose 6 = 2*o + o. Suppose 0 = -2*l - 10, 3*l - 90 = -4*t - 25. Suppose n = o + t. What is the greatest common factor of 2 and n?
2
Let o = 10 - 8. Suppose 0 = -o*p + 5 + 9. What is the greatest common factor of 14 and p?
7
Suppose -4*s - 20 = 0, -8 + 2 = 3*v + 3*s. Suppose 0 = -v*b + b + 64. Suppose -4*q = -8, -12 + 28 = 3*x - 4*q. What is the greatest common factor of x and b?
8
Let g(l) = l + 23. Let u be g(7). Calculate the highest common factor of 210 and u.
30
Let d = 17 - 11. Suppose d*f = -f + 147. Calculate the greatest common factor of f and 21.
21
Suppose 0 = -4*q + 12, 5*f - q - q - 94 = 0. Suppose 0 = -2*h - 2*h + f. Let z be 1*4*(h - -1). What is the greatest common divisor of 12 and z?
12
Suppose d - 8 - 11 = 0. Suppose -606 - 249 = -5*x. What is the highest common factor of x and d?
19
Let b = 10 + 44. What is the highest common divisor of 36 and b?
18
Let q be 174/5 - (28/10 + -3). Calculate the greatest common divisor of 5 and q.
5
Let m be 0 - (-1 - 0 - 1). Let x = -38 - -61. Suppose -m*s + 131 = -x. Calculate the greatest common factor of s and 11.
11
Let j = -10 + 40. Let c(i) = i**2 + i. Let d be c(-5). What is the greatest common factor of j and d?
10
Suppose 0 = w + 3*w - 612. What is the greatest common factor of w and 17?
17
Let d(b) be the first derivative of b**3/3 + 204*b + 3. Let j be d(0). Suppose -5*f + j = 74. Calculate the greatest common divisor of 39 and f.
13
Let p(x) = x**2 - 5*x + 20. Let n be p(10). What is the highest common divisor of n and 28?
14
Let l = 6 + -1. Suppose 16 = -l*c + 106. What is the greatest common divisor of 2 and c?
2
Let m(q) = -q**3 + 7*q**2 - 7*q + 6. Let c be (8/(-10))/((-6)/45). Let b be m(c). Suppose b = 3*l + 3 - 33. Calculate the greatest common divisor of 10 and l.
10
Suppose 545 = 5*c - 5. Suppose -2*b - 2*t + 18 = 0, -4*b = 5*t - 23 - 12. Calculate the greatest common factor of c and b.
10
Let h(p) = -2*p**3 + 2*p - 6. Let a be h(-3). Calculate the greatest common divisor of a and 6.
6
Let q be 54/7 + 2/7. Let w = -2 + -1. Let p = w + q. Calculate the greatest common divisor of 30 and p.
5
Let v be 214/4 + 10/20. Let m be v/(-10)*(4 + -9). What is the highest common factor of 27 and m?
27
Let z be 17/5 - (-16)/(-40). Let v = 1 + z. Calculate the highest common factor of v and 2.
2
Let m = 387 + -198. What is the highest common factor of 21 and m?
21
Suppose 4*x = x + 18. Suppose 0 = 3*l - 5*v - 3 + 2, 3*v - 5 = -l. Suppose l*o = -2*o + 120. Calculate the highest common factor of x and o.
6
Let g(d) = d + 12. Let w(j) = j**3 + 6*j**2 + 4*j - 3. Let o be w(-4). Let z be g(o). What is the highest common divisor of z and 50?
25
Let v = -12 + 32. What is the highest common divisor of 5 and v?
5
Suppose 3*l - 2*x - 192 - 48 = 0, -l + 80 = -x. Let b = 29 + -13. What is the highest common divisor of l and b?
16
Suppose -2*r + 134 = 6*f - 2*f, -4*r + 128 = 4*f. Let z = -29 - -43. Calculate the greatest common divisor of f and z.
7
Let d = -14 + 2. Let p = -8 - d. Calculate the greatest common factor of p and 1.
1
Suppose -3*h = -10 - 23. Let j(s) = s**2 - 3*s - 7. Let d be j(-5). What is the highest common divisor of h and d?
11
Let a(l) = 3*l**2 + 2*l - 5. Let q be a(4). Let k = 46 - 22. Let j = q - k. Calculate the greatest common divisor of j and 9.
9
Let r be 1 - (-12 + 0 + -1). Let q = -240 - -366. What is the highest common factor of r and q?
14
Let l(a) = -12*a - 1 + 1 + 1. Let n be l(-1). Let j be 92 - (2 - (-2 + 3)). Calculate the highest common divisor of n and j.
13
Let i be 4352/22 - (-6)/33. Let a = 363 - i. What is the highest common factor of 15 and a?
15
Suppose 0 = -16*f + 12*f + 12. Suppose 6 = 2*i - i. What is the greatest common factor of f and i?
3
Suppose 0*q = 8*q - 56. What is the highest common divisor of q and 56?
7
Let h be 9/(-6) - (-21)/6. Suppose -h*v + 3 = v. Let w be (v - 0)*88/8. Calculate the greatest common divisor of 66 and w.
11
Suppose 3*d + 4*p - 134 = 0, -2*p = -d + 3*p + 13. Suppose 2*l = -v + 93, 0 = -4*v + 2*l + l + 383. What is the greatest common factor of v and d?
19
Let b be 46*-5 + (-1 - -1). Let i = 347 + b. Calculate the greatest common factor of i and 13.
13
Suppose -5 = -5*d - 3*r + 36, -4*d - 4*r = -28. Suppose -3*s + 79 = -4*c, -s + 4*c + 5 = -8. Let h = s - 13. Calculate the greatest common factor of h and d.
10
Suppose p - 7 = 2*p - 3*h, 5*h - 25 = 0. What is the highest common factor of p and 24?
8
Suppose 4*b + r = 43, 3*b - 3*r - 25 = b. Let s be 1 - (-3 - -1*2). Let f(w) = 16*w + 1. Let l be f(s). What is the highest common divisor of l and b?
11
Suppose -9 = -f - 0*h + h, 0 = 2*f - 4*h - 28. Let r be ((-6)/f)/((-6)/320). Calculate the highest common factor of 32 and r.
16
Let c = 14 - 11. Suppose 3*b - 4*z - 38 = 0, -c*z + 2 = -3*b - 7*z. Calculate the greatest common divisor of 12 and b.
6
Let w be (-77)/(-4) + (-9)/(-12). What is the highest common divisor of 10 and w?
10
Let m = 1 + -1. Let r(c) = c + 4. Let l be r(m). Suppose -a + 35 = l*a. What is the highest common factor of a and 21?
7
Suppose -u - u = -16. Let f = 12 - u. Calculate the greatest common divisor of f and 16.
4
Let c(o) be the first derivative of o**2/2 + 6*o - 3. Let h be c(-5). Calculate the greatest common factor of h and 9.
1
Let x be 8/(-28) + 79/7. Let f = x - -2. Calculate the highest common divisor of 104 and f.
13
Let j = -10 + 10. Let s be (6 + 1)*(1 + j). Let u = 4 + s. Calculate the greatest common factor of 44 and u.
11
Suppose 3*x = 21 + 57. What is the highest common divisor of x and 65?
13
Suppose 2*y - 2*c - 2 = 0, -4*y - 7*c = -12*c - 2. Let q(k) = 0*k**2 + 2*k - k + 2*k**2 - 4. Let a be q(-4). What is the highest common factor of y and a?
3
Suppose -2*c = -3*t + 3, -6*t + 5*t = -2*c + 7. Suppose 11*d - 361 - 101 = 0. What is the highest common factor of c and d?
6
Suppose -2*l - 40 = -4*u - 6*l, -2*l = -3*u + 5. What is the highest common divisor of 10 and u?
5
Let u be ((-4)/(-10))/(1/10). Suppose -u*l + 32 = 4*r, -2*l + 3*l - 28 = 4*r. Suppose 0*p - 648 = -6*p. Calculate the greatest common divisor of l and p.
12
Suppose 11 + 21 = 2*d. Suppose -2*a = -4*k - 16, 0*a - 8 =